late q(6).
161
Let d(l) = l**2 + 31*l - 322. Determine d(-41).
88
Let j(b) = 2*b**2 + 108*b - 100. What is j(-60)?
620
Let f(a) = 12*a**2 + 182*a + 169. What is f(-14)?
-27
Let g(q) = -69*q - 1768. Give g(-26).
26
Let v(a) = -9*a - 51. What is v(-21)?
138
Let x(j) = 18*j + 472. What is x(-27)?
-14
Let b(p) = 19*p + 669. Give b(-48).
-243
Let y(k) = k**2 + 26*k + 167. Give y(-11).
2
Let r(s) = -27*s + 91. Determine r(0).
91
Let i(t) = -t**3 - t**2 + 5*t - 11. Give i(2).
-13
Let j(i) = 1176*i**2 + 1157*i - 2. What is j(-1)?
17
Let v(f) = 326*f - 5912. Give v(18).
-44
Let p(z) = z**3 - z**2 - 102*z - 68. Determine p(-9).
40
Let k(b) = 61*b + 185. Give k(-3).
2
Let p(n) = -n**3 - 183*n**2 - 370*n - 1447. What is p(-181)?
1
Let g(u) = 386*u + 342. Calculate g(-2).
-430
Let m(s) = s**3 + 12*s**2 + 25*s - 46. Determine m(-8).
10
Let s(l) = -36*l**2 + 108*l. Determine s(3).
0
Let q(z) = z**2 - z - 330. Determine q(0).
-330
Let g(q) = -7*q**2 + 17*q + 7. Determine g(6).
-143
Let q(x) = -1788*x - 10736. Determine q(-6).
-8
Let n(d) = d**3 + 35*d**2 + 98*d + 28. What is n(-32)?
-36
Let j(y) = -913*y - 10951. What is j(-12)?
5
Let b(x) = -3*x**2 - 138*x - 61. Give b(-46).
-61
Let c(s) = s**3 + 26*s**2 + 40*s - 66. Give c(-24).
126
Let p(v) = v**3 - 9*v**2 + 10*v + 29. Give p(8).
45
Let o(y) = -14459*y - 101214. Determine o(-7).
-1
Let k(f) = 332*f + 679. What is k(-2)?
15
Let s(d) = 3*d**3 - 26*d**2 - 2*d - 67. Give s(9).
-4
Let z(q) = 34*q + 3103. Give z(-89).
77
Let l(r) = 68*r - 34. What is l(9)?
578
Let o(x) = 2*x**3 - 102*x - 1. What is o(0)?
-1
Let w(p) = -543*p + 11404. Determine w(21).
1
Let g(v) = 12*v**2 - 125*v + 153. Calculate g(9).
0
Let z(i) = 92*i - 4794. Calculate z(52).
-10
Let b(r) = 11764*r + 58816. What is b(-5)?
-4
Let k(h) = -13*h - 63. Determine k(-26).
275
Let m(r) = 27*r + 61. Determine m(-2).
7
Let u(o) = -60*o - 253. Determine u(-3).
-73
Let p(u) = -52*u + 6595. Determine p(126).
43
Let z(v) = -22*v + 1986. Determine z(87).
72
Let z(x) = 16*x + 439. Calculate z(-28).
-9
Let o(f) = -f**3 - 50*f**2 - 55*f - 27. Give o(-49).
267
Let d(h) = 12*h - 824. Give d(83).
172
Let m(c) = -c**3 + 3*c**2 + 25*c + 85. What is m(-6)?
259
Let b(a) = -14*a**2 + 381*a + 301. Determine b(28).
-7
Let o(a) = -165*a - 3001. What is o(-18)?
-31
Let v(w) = 147*w + 1450. Calculate v(-10).
-20
Let x(g) = -38*g + 5548. Determine x(147).
-38
Let s(r) = -2*r**3 - 120*r**2 - 105*r + 841. Give s(-59).
74
Let y(a) = -13*a + 262. What is y(11)?
119
Let m(b) = b**3 + 54*b**2 + 91*b - 673. What is m(-52)?
3
Let o(d) = 11*d**2 - 119*d + 607. Calculate o(5).
287
Let s(a) = 31*a**2 + 70*a - 9. Calculate s(-4).
207
Let y(r) = r**2 - 5*r - 86. Give y(0).
-86
Let x(t) = 19*t**3 - 8*t**2 + t + 12. Give x(-3).
-576
Let v(i) = 2*i**2 - 80*i - 226. Calculate v(43).
32
Let u(x) = -122*x**3 + 731*x**2 + 4*x + 6. Calculate u(6).
-6
Let f(s) = -s**3 + 8*s**2 + 98*s - 118. What is f(15)?
-223
Let d(v) = v**2 - 6*v + 72. Determine d(7).
79
Let f(k) = k**2 + 33*k + 221. Determine f(-26).
39
Let t(c) = 4*c**3 + 17*c**2 - 5*c + 45. Give t(-5).
-5
Let z(p) = 412*p + 7003. Give z(-17).
-1
Let m(c) = -38*c + 150. Determine m(4).
-2
Let x(u) = -101*u + 159. Calculate x(2).
-43
Let a(q) = -34*q**3 + 31*q**2 - 66*q - 2. Determine a(2).
-282
Let t(g) = -g**3 - 3*g**2 + 3079*g + 26. Calculate t(-57).
-31
Let u(q) = 2948*q + 103195. Calculate u(-35).
15
Let k(p) = -2*p**3 + 4*p**2 + 8*p - 19. Give k(3).
-13
Let v(k) = -2*k**2 + 30*k + 295. Give v(21).
43
Let n(h) = 18*h**2 - 795*h + 105. Determine n(44).
-27
Let j(b) = -b**2 - 20*b + 20. What is j(-21)?
-1
Let k(n) = -2*n**2 - 225*n - 5146. What is k(-32)?
6
Let m(f) = -156*f + 2832. Calculate m(19).
-132
Let t(z) = 36*z - 71. Calculate t(-5).
-251
Let s(j) = -2122*j - 21229. What is s(-10)?
-9
Let q(n) = -57*n + 3812. Give q(67).
-7
Let l(t) = 2833*t + 33992. Determine l(-12).
-4
Let c(r) = r**3 - 20*r**2 - 30*r + 20. What is c(21)?
-169
Let f(g) = -g**3 + 76*g**2 + 1346*g + 1737. What is f(91)?
8
Let m(a) = -3*a**2 + 24*a - 173. What is m(6)?
-137
Let v(a) = -3*a**2 - 318*a + 980. Determine v(-109).
-1
Let q(s) = -s**2 - 22*s - 103. Determine q(-7).
2
Let n(h) = h**3 + 20*h**2 + 19*h + 42. Give n(-19).
42
Let o(z) = -3*z**2 - 22*z - 86. Determine o(-5).
-51
Let l(j) = 250*j + 499. What is l(-2)?
-1
Let d(c) = 213*c - 34275. Determine d(161).
18
Let g(b) = b**2 - 36*b + 278. Calculate g(25).
3
Let x(q) = 1794*q + 69949. What is x(-39)?
-17
Let f(i) = i**3 + 53*i**2 + 139*i + 1877. Give f(-51).
-10
Let f(r) = -9*r**3 - 30*r**2 + 31*r. Determine f(1).
-8
Let i(u) = -214*u - 5389. What is i(-25)?
-39
Let p(m) = 32*m + 458. Determine p(-14).
10
Let g(x) = -25*x**2 - 17*x + 34. Give g(3).
-242
Let v(p) = -128*p - 11394. What is v(-89)?
-2
Let x(f) = 190*f**2 - 2468*f - 22. Calculate x(13).
4
Let p(v) = v**3 - 51*v**2 + 67*v - 856. What is p(50)?
-6
Let x(f) = -f**3 + 108*f**2 + 564*f + 21. What is x(113)?
-92
Let a(j) = 195*j + 767. Calculate a(-4).
-13
Let x(b) = -81*b + 605. What is x(7)?
38
Let c(b) = 8*b**3 + 224*b**2 - 18*b - 507. Calculate c(-28).
-3
Let h(p) = 2*p**3 + 7*p**2 + 68*p - 74. Give h(1).
3
Let g(s) = -2*s**2 - 8*s + 72. Give g(5).
-18
Let l(p) = -32*p**3 + 2*p**2 + 4*p - 8. Give l(2).
-248
Let s(x) = 3718*x + 3720. Give s(-1).
2
Let u(l) = -l**3 - 14*l**2 - l - 46. What is u(-12)?
-322
Let v(j) = -3*j**2 + 5*j + 36. Calculate v(9).
-162
Let p(s) = -980*s + 9609. Calculate p(10).
-191
Let o(g) = -218*g + 1754. Determine o(8).
10
Let b(q) = q**3 + 7*q**2 + 4*q + 63. What is b(-7)?
35
Let f(t) = -t**2 - 122*t + 895. Determine f(-129).
-8
Let h(b) = 2038*b + 16288. What is h(-8)?
-16
Let b(w) = 38*w - 13. Determine b(3).
101
Let q(s) = 52*s - 99. Give q(-7).
-463
Let j(l) = -60*l - 373. Give j(-6).
-13
Let m(i) = -13*i - 300. Calculate m(-65).
545
Let b(k) = -36*k - 970. Calculate b(-27).
2
Let h(u) = -4*u**2 - 49*u + 201. Determine h(4).
-59
Let g(k) = -3*k**3 + 36*k**2 - 56*k + 254. Give g(11).
1
Let f(i) = -i**3 - 3*i**2 + 31*i + 75. What is f(-6)?
-3
Let q(j) = -10*j**2 + 215*j + 1158. Determine q(26).
-12
Let c(t) = -193*t - 13699. Calculate c(-71).
4
Let u(y) = -62*y - 280. Give u(-5).
30
Let z(d) = 2*d**2 - 120*d - 132. Calculate z(61).
-10
Let u(v) = -18*v**2 - 119*v - 80. What is u(-6)?
-14
Let i(c) = 2*c**3 - 75*c**2 + 42*c + 46. Give i(37).
231
Let r(u) = 2*u**2 + 114*u + 1008. What is r(-46)?
-4
Let s(i) = 1520*i + 28874. Determine s(-19).
-6
Let f(z) = 215*z - 1014. Determine f(5).
61
Let q(u) = -u**2 - 34*u - 3. Give q(-34).
-3
Let c(g) = 11*g + 36. Give c(-4).
-8
Let v(r) = -4*r**2 + 970*r - 2879. What is v(3)?
-5
Let j(y) = -7*y**2 + 57*y - 222. Give j(6).
-132
Let j(r) = -r**2 + 2200*r + 17668. Calculate j(-8).
4
Let a(k) = k**3 + 60*k**2 - 56*k + 305. Give a(-61).
0
Let t(x) = -x**3 + 9*x**2 + 51*x + 5. What is t(-4)?
9
Let q(i) = -2*i**3 + 40*i**2 + 4*i - 792. Give q(19).
6
Let u(i) = 31*i - 67. Give u(-7).
-284
Let d(g) = g**3 + 4*g**2 + 6*g - 11. What is d(0)?
-11
Let z(s) = s**3 + 9*s**2 - 1995*s - 17955. Calculate z(-9).
0
Let a(p) = 3*p**2 - 116*p - 688. Calculate a(-6).
116
Let w(a) = 78*a - 508. What is w(8)?
116
Let f(d) = 304*d + 1816. Determine f(-6).
-8
Let w(t) = 418*t**2 + 1680*t + 25. Determine w(-4).
-7
Let d(x) = 5*x**2 - 25*x + 31. Calculate d(3).
1
Let d(x) = -x**2 - 204*x - 5227. Calculate d(-30).
-7
Let u(m) = m**3 - 17*m**2 + 12*m + 18. What is u(16)?
-46
Let z(k) = 103*k + 12230. Determine z(-119).
-27
Let v(a) = -16*a**3 + 132*a**2 + 124*a + 20. Calculate v(9).
164
Let b(m) = -m**3 - 20*m**2 - 62*m + 62. What is b(-5)?
-3
Let g(w) = -117*w + 2122. Determine g(18).
16
Let j(f) = f**2 - 22*f - 10. Determine j(19).
-67
Let i(j) = 2*j**2 - 4*j - 66. Calculate i(-7).
60
Let y(f) = -60*f**2 + 243*f - 9. Determine y(4).
3
Let l(o) = 2*o**2 - 17*o - 50. What is l(-5)?
85
Let j(f) = 16*f**2 + 22*f - 39. Calculate j(-9).
1059
Let m(q) = q**3 - 30*q - 55. Give m(-2).
-3
Let a(m) = -m**3 + 40*m**2 + 18*m - 728. What is a(40)?
-8
Let k(q) = -q**3 - 18*q**2 + 44*q - 17. Calculate k(-20).
-97
Let o(f) = f**3 + 14*f**2 + 20*f + 56. What is o(-13)?
-35
Let j(s) = -2*s**2 - 72*s - 350. Determine j(-6).
10
Let b(y) = -162*y - 175. Calculate b(-5).
635
Let a(f) = 607*f - 4278. Give a(7).
-29
Let k(d) = -4